en n is divided by 18.
11
Let x = -331 + 482. Calculate the remainder when x is divided by 11.
8
Calculate the remainder when 71 is divided by (-30)/(-20)*(-16)/(-3).
7
Let c(n) = 2*n - 5. Let o(a) = a**3 + 15*a**2 - 19*a - 14. Let y be o(-16). Suppose -36*d + y*d = -24. What is the remainder when d is divided by c(6)?
5
Let t(b) = 110*b + 19. Calculate the remainder when t(1) is divided by 38.
15
Let f(y) = -9*y**2 + 3*y + 2. Let p be f(-1). Let b(o) = 2*o**2 + 12*o - 17. Calculate the remainder when b(p) is divided by 13.
11
Let t(l) = -33*l**2 + 350*l + 14. Calculate the remainder when t(10) is divided by 208.
6
Let i be 2 + -4 + 2 - -4. Calculate the remainder when 15 is divided by 0/(i/4) - -9.
6
Let b(t) = 118*t**2 - 15*t + 18. Calculate the remainder when b(2) is divided by 42.
40
Let j(u) be the second derivative of -17*u**3/6 - u**2 + 27*u. Calculate the remainder when j(-11) is divided by 47.
44
Suppose -37*h + 1763 = 6*h. What is the remainder when h is divided by 4?
1
Suppose 2*d + 144 = -3*h + 48, -5*h = -5*d + 135. Calculate the remainder when (h/9)/((-6)/9) is divided by (2/(-5))/(2/(-10)).
1
Suppose 27*w - 31*w = 3*s - 348, 3*w - 261 = 4*s. Calculate the remainder when 205 is divided by w.
31
Suppose -2*z = -3*z + 2. Suppose -4*m + 2*o + 112 = 0, 4*o = -10 + z. What is the remainder when m is divided by 7?
6
Let h(b) = 8*b + 42. Calculate the remainder when h(14) is divided by 41.
31
Let k = -561 + 595. Calculate the remainder when 61 is divided by k.
27
Let m = 207 + 208. Calculate the remainder when m is divided by 19.
16
Let p(l) = l**3 + 6*l**2 + 11. Calculate the remainder when 98 is divided by p(-6).
10
Let f be (-2)/(-6) - 45/(-27). Suppose 5*l + 5 = -2*n + 4*n, 40 = 2*n + f*l. Suppose -5*h = -0*h - 140. What is the remainder when h is divided by n?
13
Let f(u) = -u**2 - 3*u - 6. Let b be f(-6). Let l = 33 + b. Calculate the remainder when l is divided by 6.
3
Let f = 479 - 418. What is the remainder when f is divided by 16?
13
Let g be (-1)/(4/116*-1). Let p = g + -16. What is the remainder when p is divided by 4?
1
Let m be -1*(-4 - -6 - 20). Let f = 22 - m. What is the remainder when 4 is divided by (6/(-5))/(f/(-10))?
1
Let l be (204/18)/(2/(-3)). Let x = l + 32. What is the remainder when (-1)/((-2)/(-5))*378/(-35) is divided by x?
12
Let n(r) = 8*r - 2. Let h(o) = 20*o + 833. What is the remainder when n(5) is divided by h(-41)?
12
Suppose -100 = -3*f + 5*u, -3*f + 46 = 3*u - 14. Suppose 3*y - f = -4*i, -2*i = -y - y + 40. Calculate the remainder when 43 is divided by y.
13
Let y be (-18)/8*(-9)/((-18)/56). Calculate the remainder when 107 is divided by ((-140)/y*-3)/(4/(-6)).
7
What is the remainder when 79 is divided by (12/(-14))/((-9)/168)?
15
Suppose 207 = 13*j + 51. Let r(o) = -o**2 + 10*o + 15. Let c be r(11). Suppose c*z + z = 290. What is the remainder when z is divided by j?
10
Suppose 0 = -20*u + 24*u - 56. Suppose -3*m = -5*m + u. What is the remainder when 12 is divided by m?
5
Suppose 2*h + 0 = 8. Suppose t + 3 = h. Suppose -y + 6 = t, -2*y - 106 = -4*z. Calculate the remainder when z is divided by 15.
14
Suppose 55 = b - 2*w, 2*b + 4*w - 27 = 107. Let v = b + -20. Calculate the remainder when v is divided by 15.
11
Suppose 45*l - 39*l = 288. What is the remainder when 284 is divided by l?
44
Suppose -i = 2*c - 43, -2*c = 7 - 9. Calculate the remainder when 141 is divided by i.
18
Suppose -2*l + 2*k + 31 = -k, -4*l + 57 = -5*k. Suppose 2*i - l = 34. What is the remainder when i is divided by 8?
5
Let h = 1367 - 1297. What is the remainder when 322 is divided by h?
42
Let k = -1019 - -1048. What is the remainder when k is divided by 5?
4
Suppose 870 = 5*n - 3*x + 8*x, 3*n + 2*x - 522 = 0. Calculate the remainder when n is divided by 16.
14
Calculate the remainder when (5 - -3) + (9 - -45) is divided by 5.
2
Let m(t) = 27*t**3 + 9*t**2 - 9*t. Calculate the remainder when 484 is divided by m(1).
25
Let l = -76 - -85. Let c = 1 + l. Let y(f) = 12*f + 1. What is the remainder when y(3) is divided by c?
7
Suppose 5*h + 6 = 2*h. Let n = h + 21. Calculate the remainder when 75 is divided by n.
18
Let g = 121 - 83. What is the remainder when g is divided by (-249)/(-18) + (-3)/(18*-1)?
10
Let t(l) = 6*l**3 - l**2 + 1. Let s(g) = -5*g**3 + g. Let o(d) = 5*s(d) + 4*t(d). What is the remainder when 4 is divided by o(-5)?
0
Suppose f - 368 = -5*d, 0 = -8*f + 3*f + 15. Let n = d + -63. What is the remainder when 17 is divided by n?
7
Let g(j) = -j**3 + 11*j**2 + 4*j + 12. Suppose 5*w - 4*w + 2 = 0, 2*l = w + 22. Calculate the remainder when g(11) is divided by l.
6
What is the remainder when 474 is divided by (-6)/(-12) + (-495)/(-30)?
15
Suppose 7*z = 6*z + 26. Suppose -4*i + 3*o + 0*o = -22, -3*o + 6 = 3*i. What is the remainder when z is divided by ((-14)/i)/(4/(-8))?
5
Let m(c) = c**3 - 5*c**2 - 2*c + 5. Let h(z) = 3*z**2 + 48*z - 4. Calculate the remainder when m(7) is divided by h(-17).
42
Let d = 138 - 75. Suppose -4*x = -53 - d. Let j = x - 14. What is the remainder when j is divided by 6?
3
Suppose -1168 = -4*u + 4*m, 5*u - m - 256 = 1192. What is the remainder when u is divided by 97?
95
Suppose 6*l + 28*l + 11*l - 1440 = 0. Let x be 1*(-1 - -30 - 0). Suppose 12 - x = -k. What is the remainder when l is divided by k?
15
Suppose 0 = 2*s + 5 - 17. Suppose -3*y - 3*c + 33 = 0, 0 = -5*y - 4*c + s*c + 41. Calculate the remainder when 33 is divided by y.
6
Let l = -128 - -1. Let h be 4/(-6) + l/3. Let q = -7 - h. Calculate the remainder when q is divided by 19.
17
Let v(x) = 5*x**3 + 5*x**2 - 7*x + 2. Let m = 0 + -3. Calculate the remainder when ((-14)/m)/((-6)/(-9)) is divided by v(1).
2
Let n(r) = -r**3 - 11*r**2 - 10*r + 2. Let u be n(-10). Suppose 0 = 3*b + 4*f - 77, -u*b + 7*f + 38 = 3*f. Calculate the remainder when b is divided by 13.
10
Let m = -163 - -178. Let l(k) = -k**3 - 20*k**2 + 16*k - 41. Calculate the remainder when l(-21) is divided by m.
4
Calculate the remainder when 55 is divided by (-17*(-16)/272)/(2/46).
9
Suppose 25 = 10*r - 5. Suppose -2*s + 36 = 2*p + 2*p, 0 = r*s - 3*p - 9. What is the remainder when 39 is divided by s?
7
Let d(g) = -2*g**3 + 11*g**2 - 4*g - 3. What is the remainder when 10 is divided by d(5)?
0
Let j = -1650 - -1682. What is the remainder when 53 is divided by j?
21
Suppose -3*v = -20 + 5. Suppose 2*b = 1 + v, -2*w + 4*b = -64. Suppose 2*h - 19 = -a, -3*h = 5*a - w - 8. What is the remainder when 25 is divided by h?
4
Suppose 0 = 2*k + 2*k - 12. Suppose 12 = k*r + r. Suppose r*n + 2*n = 195. What is the remainder when n is divided by 8?
7
Let h(s) = -s**3 - 8*s**2 + 6*s + 14. Let j = -177 - -298. Calculate the remainder when j is divided by h(-9).
39
Let m(h) = -h**3 - 9*h**2 - 8*h - 9. Let l be m(-8). Let n be (-322)/(-9) + (-2)/l. Suppose 0 = n*k - 31*k - 55. Calculate the remainder when k is divided by 4.
3
Let n(l) = l**3 + 19*l**2 - l - 5. Calculate the remainder when 724 is divided by n(-19).
10
Suppose -g - 23 = -v - 8, -v - 1 = 3*g. Suppose r + 4*a - 9 = 7, 2*a - 22 = -4*r. Calculate the remainder when -3*r*14/(-4) is divided by v.
9
Suppose -3*p + 321 = 102. Calculate the remainder when p is divided by 15.
13
Let n(m) = 2*m**3 - 14*m**2 - 5*m + 29. What is the remainder when n(11) is divided by 59?
57
Suppose 469 = 22*t - 763. Calculate the remainder when t is divided by 7.
0
Suppose -4*c - 752 = -4*t, -4*t + c = -4*c - 751. Calculate the remainder when t is divided by 32.
29
What is the remainder when (-230)/4*246/(-205) is divided by 24?
21
Suppose 640 = -92*x + 97*x. Calculate the remainder when x is divided by 9.
2
Let z(w) = -97*w - 218. What is the remainder when z(-4) is divided by 10?
0
Suppose -1800 = -61*h + 37*h. What is the remainder when h is divided by 156/8*4/3?
23
Let r = -28 - -25. Calculate the remainder when 65 is divided by (-21 + r)*(1/4 - 1).
11
Let j be (-20)/16 + (-5)/(-4). Suppose j = 4*r - 16, 0 = -2*t + 2*r - r + 8. Calculate the remainder when t is divided by 5.
1
Let o(p) = -4*p**3 - 3*p**2 + p + 1. Calculate the remainder when o(-2) is divided by 29/5 - ((-87)/(-15) + -5).
4
What is the remainder when 46 is divided by 5 + -4*(-66)/24?
14
Let s(r) = -63*r + 17. Let t be s(3). Let p = -34 - t. Calculate the remainder when p i